nd 1233?
9
Calculate the greatest common divisor of 6669 and 304.
19
Calculate the greatest common divisor of 118 and 287580278.
118
What is the highest common divisor of 268996 and 62426?
182
What is the greatest common factor of 1380 and 1031710?
10
What is the greatest common factor of 71459333 and 242?
121
What is the highest common factor of 7 and 5262089?
7
What is the highest common divisor of 854637 and 651?
21
What is the highest common divisor of 1916 and 14046196?
1916
What is the highest common divisor of 1198852 and 1660?
332
What is the greatest common divisor of 10092 and 909980502?
5046
Calculate the highest common divisor of 4869423 and 10101.
39
What is the highest common divisor of 394773899 and 13?
13
What is the highest common factor of 2719110 and 37344?
2334
Calculate the greatest common divisor of 14513604 and 85260.
588
What is the highest common divisor of 38 and 51903041?
19
What is the greatest common factor of 600425 and 4091650?
1825
What is the greatest common divisor of 8633321 and 14120?
353
What is the highest common divisor of 135608 and 244952?
536
What is the highest common divisor of 257 and 261089898?
257
Calculate the greatest common factor of 82 and 35197147.
41
Calculate the highest common divisor of 333923344 and 80.
16
Calculate the greatest common factor of 26226915 and 143.
143
What is the greatest common divisor of 981426 and 7638?
114
What is the highest common factor of 19750 and 1182630?
790
What is the greatest common divisor of 168055 and 6588?
61
What is the highest common divisor of 94047 and 552?
69
What is the highest common factor of 1044288 and 50592?
96
Calculate the highest common divisor of 15872 and 2896144.
496
What is the highest common factor of 1344 and 67268928?
192
Calculate the highest common divisor of 23751 and 31513923.
1827
Calculate the highest common divisor of 1122285600 and 106.
106
Calculate the highest common divisor of 4262993 and 749.
7
What is the greatest common factor of 26533 and 665366?
2041
Calculate the greatest common factor of 35462664 and 75924.
2052
Calculate the highest common divisor of 5640083 and 574.
41
What is the greatest common divisor of 998886402 and 2124?
1062
Calculate the highest common divisor of 92556 and 5028.
12
What is the greatest common divisor of 288 and 124474716?
36
What is the greatest common factor of 1170123 and 3759?
537
Calculate the highest common factor of 164 and 11096322.
82
Calculate the highest common divisor of 5663767 and 76.
19
Calculate the highest common divisor of 1780920 and 19109.
97
Calculate the greatest common factor of 159236 and 23.
1
Calculate the greatest common divisor of 6 and 2077863.
3
What is the highest common divisor of 11229 and 304836?
57
What is the greatest common factor of 1087841850 and 15?
15
What is the greatest common divisor of 31 and 95845521?
31
Calculate the greatest common factor of 24922 and 783938.
34
What is the greatest common factor of 1348845 and 6585?
15
What is the highest common factor of 32636 and 78516644?
796
Calculate the highest common factor of 529340 and 16940.
140
Calculate the highest common divisor of 12 and 13972134.
6
Calculate the greatest common divisor of 394668900 and 72.
36
Calculate the greatest common factor of 1859598 and 535098.
5298
Calculate the highest common factor of 98522580 and 273.
39
What is the greatest common divisor of 174155 and 7015?
305
Calculate the highest common factor of 222 and 117984.
6
Calculate the highest common factor of 96563491 and 39045.
2603
What is the greatest common factor of 80025770 and 10?
10
Calculate the greatest common divisor of 10 and 411608540.
10
Calculate the greatest common divisor of 5400 and 38718.
54
What is the greatest common divisor of 25072554 and 26?
26
Calculate the highest common factor of 1638 and 54509.
91
What is the greatest common divisor of 936 and 66219764?
52
Calculate the greatest common divisor of 6121632 and 4743.
1581
What is the greatest common divisor of 99130000 and 750?
250
Calculate the highest common divisor of 47071645 and 57.
19
What is the highest common divisor of 18970683 and 6726?
3363
Calculate the highest common factor of 9827 and 299708.
31
What is the highest common divisor of 154346740 and 1020?
340
Calculate the highest common factor of 1969539 and 1989.
39
What is the highest common divisor of 73894156 and 1568?
196
What is the highest common divisor of 9 and 3012993?
9
Calculate the greatest common factor of 43715122 and 20086.
242
Calculate the greatest common divisor of 519072 and 312.
24
What is the highest common factor of 5644690 and 6520?
1630
What is the highest common divisor of 68640 and 93390?
330
What is the greatest common divisor of 1338840 and 10?
10
Calculate the highest common divisor of 2419 and 706676.
41
Calculate the greatest common factor of 30400 and 56105.
5
Calculate the highest common divisor of 188517 and 28514199.
4011
What is the greatest common factor of 8828760 and 35905?
215
Calculate the greatest common factor of 120055 and 171613.
13
What is the greatest common factor of 248 and 533979216?
248
What is the greatest common factor of 22352085 and 19075?
3815
Calculate the greatest common factor of 3695 and 167666537.
739
What is the greatest common factor of 1557148 and 4?
4
What is the highest common factor of 92 and 108609082?
46
What is the greatest common factor of 225429 and 73299?
1383
Calculate the highest common factor of 974726963 and 49.
49
What is the highest common divisor of 529104 and 46939?
73
Calculate the highest common divisor of 67821662 and 493.
29
What is the greatest common factor of 80 and 107900232?
8
Calculate the highest common factor of 1212751 and 74803.
589
What is the highest common divisor of 150048470 and 286?
286
What is the highest common divisor of 9224 and 63808?
8
Calculate the highest common divisor of 25695 and 56900150.
2855
What is the greatest common divisor of 4466 and 80010623?
2233
What is the highest common factor of 126770 and 31465?
35
What is the greatest common factor of 36148215 and 6540?
1635
Calculate the highest common factor of 2676 and 3325044.
12
What is the highest common factor of 45 and 3420765?
45
Calculate the greatest common divisor of 198 and 36631254.
66
What is the highest common divisor of 321138 and 1406?
38
Calculate the highest common factor of 140 and 44321935.
35
Calculate the highest common factor of 54 and 10876221.
27
Calculate the highest common factor of 7644 and 30927988.
364
What is the highest common divisor of 2961084 and 24171?
21
Calculate the greatest common divisor of 10887079 and 365897.
2191
Calculate the greatest common factor of 366885 and 20460.
465
Calculate the greatest common divisor of 3207 and 530248587.
3207
Calculate the greatest common divisor of 648739 and 4459.
91
What is the highest common factor of 27 and 17052903?
27
What is the highest common divisor of 1570095 and 79212?
2829
What is the greatest common factor of 42999312 and 5020?
1004
What is the highest common divisor of 29 and 8469073?
29
Calculate the greatest common factor of 9095656 and 11312.
808
Calculate the highest common factor of 25144 and 4330.
2
What is the greatest common divisor of 356 and 159860287?
89
What is the greatest common divisor of 118 and 39684285?
59
What is the highest common divisor of 294 and 275162048?
98
What is the greatest common divisor of 32539 and 19856299?
2503
Calculate the greatest common factor of 37566543 and 113640.
2841
Calculate the highest common factor of 51 and 139452.
3
What is the greatest common divisor of 1043 and 280374939?
149
Calculate the highest common factor of 162005998 and 44.
22
What is the greatest common factor of 12376 and 15564248?
952
What is the highest common divisor of 626778 and 19783?
73
What is the greatest common factor of 1350 and 5308425?
225
What is the greatest common divisor of 150509 and 16788131?
2551
Calculate the greatest common factor of 119964182 and 39.
13
What is the greatest common divisor of 16570 and 969740?
10
What is the greatest common divisor of 136134 and 859661?
2521
Calculate the highest common divisor of 2466331 and 21.
7
What is the greatest common factor of 10988 and 152529922?
5494
C